{"id":3534,"date":"2024-06-29T02:28:48","date_gmt":"2024-06-29T00:28:48","guid":{"rendered":"https:\/\/www.julian-kirschler.com\/?page_id=3534"},"modified":"2026-02-13T23:21:32","modified_gmt":"2026-02-13T22:21:32","slug":"werkstext-biedermann-ist-der-brandstifter","status":"publish","type":"page","link":"https:\/\/www.julian-kirschler.com\/it\/werkstext-biedermann-ist-der-brandstifter\/","title":{"rendered":"Testo dell'opera: BIEDERMANN \u00c8 IL FUOCO"},"content":{"rendered":"<div data-elementor-type=\"wp-page\" data-elementor-id=\"3534\" class=\"elementor elementor-3534\" data-elementor-post-type=\"page\">\n\t\t\t\t\t\t<section data-particle_enable=\"false\" data-particle-mobile-disabled=\"false\" class=\"elementor-section elementor-top-section elementor-element elementor-element-1813e50 elementor-section-boxed elementor-section-height-default elementor-section-height-default\" data-id=\"1813e50\" data-element_type=\"section\" data-e-type=\"section\">\n\t\t\t\t\t\t<div class=\"elementor-container elementor-column-gap-default\">\n\t\t\t\t\t<div class=\"elementor-column elementor-col-100 elementor-top-column elementor-element elementor-element-cf057fc\" data-id=\"cf057fc\" data-element_type=\"column\" data-e-type=\"column\">\n\t\t\t<div class=\"elementor-widget-wrap elementor-element-populated\">\n\t\t\t\t\t\t<div class=\"elementor-element elementor-element-07e6d67 elementor-widget elementor-widget-heading\" data-id=\"07e6d67\" data-element_type=\"widget\" data-e-type=\"widget\" data-widget_type=\"heading.default\">\n\t\t\t\t<div class=\"elementor-widget-container\">\n\t\t\t\t\t<h2 class=\"elementor-heading-title elementor-size-default\">BIEDERMANN \u00c8 IL PIROMANE<\/h2>\t\t\t\t<\/div>\n\t\t\t\t<\/div>\n\t\t\t\t<div class=\"elementor-element elementor-element-5f4bfbf elementor-widget elementor-widget-text-editor\" data-id=\"5f4bfbf\" data-element_type=\"widget\" data-e-type=\"widget\" data-widget_type=\"text-editor.default\">\n\t\t\t\t<div class=\"elementor-widget-container\">\n\t\t\t\t\t\t\t\t\t<div class=\"page\" title=\"Pagina 1\"><div class=\"layoutArea\"><div class=\"column\"><div class=\"page\" title=\"Pagina 1\"><div class=\"layoutArea\"><div class=\"column\"><p class=\"s5 translation-block\"><span class=\"s4\">Diverse<\/span><span class=\"s4\"> persone<\/span><span class=\"s4\"> stanno chattando su uno smartphone gigante<\/span><span class=\"s4\">.<\/span><span class=\"s4\">A un'analisi pi\u00f9 attenta,<\/span><span class=\"s4\">quello che sembra innocuo si rivela<\/span><span class=\"s4\">la morte della societ\u00e0 pluralista<\/span><\/span>.<\/p><p class=\"s5 translation-block\"><span class=\"s4\">Per illustrare questo fenomeno quotidiano nell'uso dei social media,<\/span><span class=\"s4\">i post<\/span><span class=\"s4\">e la musica sono stati esagerati e messi in scena appositamente<\/span><span class=\"s4\">per l'opera<\/span><span class=\"s4\">.<\/p><\/div><\/div><\/div><\/div><\/div><\/div>\t\t\t\t\t\t\t\t<\/div>\n\t\t\t\t<\/div>\n\t\t\t\t\t<\/div>\n\t\t<\/div>\n\t\t\t\t\t<\/div>\n\t\t<\/section>\n\t\t\t\t<\/div>","protected":false},"excerpt":{"rendered":"<p>BIEDERMANN \u00c8 IL FUOCO Diverse persone stanno chattando su uno smartphone gigante. A ben guardare, ci\u00f2 che sembra innocuo si rivela essere la morte della societ\u00e0 pluralistica. Per enfatizzare questo fenomeno quotidiano nell'uso dei social media, i post e la musica sono stati esagerati e messi in scena appositamente per l'opera.<\/p>","protected":false},"author":1,"featured_media":0,"parent":0,"menu_order":0,"comment_status":"closed","ping_status":"closed","template":"","meta":{"footnotes":""},"class_list":["post-3534","page","type-page","status-publish","hentry"],"yoast_head":"<!-- This site is optimized with the Yoast SEO plugin v27.5 - https:\/\/yoast.com\/product\/yoast-seo-wordpress\/ -->\n<title>Werkstext: BIEDERMANN IST DER BRANDSTIFTER - Julian Kirschler<\/title>\n<meta name=\"robots\" content=\"index, follow, max-snippet:-1, max-image-preview:large, max-video-preview:-1\" \/>\n<link rel=\"canonical\" href=\"https:\/\/www.julian-kirschler.com\/it\/werkstext-biedermann-ist-der-brandstifter\/\" \/>\n<meta property=\"og:locale\" content=\"it_IT\" \/>\n<meta property=\"og:type\" content=\"article\" \/>\n<meta property=\"og:title\" content=\"Werkstext: BIEDERMANN IST DER BRANDSTIFTER - Julian Kirschler\" \/>\n<meta property=\"og:description\" content=\"BIEDERMANN IST DER BRANDSTIFTER Auf einem riesigen Smartphone chatten mehrere Personen. Das anscheinend Harmlose entpuppt sich bei genauerem Hinsehen als Tod der pluralistischen Gesellschaft. Um dieses allt\u00e4gliche Ph\u00e4nomen in der Nutzung sozialer Medien zur verdeutlichen, wurden die Posts und die Musik \u00fcberzeichnet dargestellt und eigens f\u00fcr die Arbeit inszeniert.\" \/>\n<meta property=\"og:url\" content=\"https:\/\/www.julian-kirschler.com\/it\/werkstext-biedermann-ist-der-brandstifter\/\" \/>\n<meta property=\"og:site_name\" content=\"Julian Kirschler\" \/>\n<meta property=\"article:modified_time\" content=\"2026-02-13T22:21:32+00:00\" \/>\n<meta name=\"twitter:card\" content=\"summary_large_image\" \/>\n<meta name=\"twitter:label1\" content=\"Tempo di lettura stimato\" \/>\n\t<meta name=\"twitter:data1\" content=\"1 minuto\" \/>\n<script type=\"application\/ld+json\" class=\"yoast-schema-graph\">{\"@context\":\"https:\\\/\\\/schema.org\",\"@graph\":[{\"@type\":\"WebPage\",\"@id\":\"https:\\\/\\\/www.julian-kirschler.com\\\/werkstext-biedermann-ist-der-brandstifter\\\/\",\"url\":\"https:\\\/\\\/www.julian-kirschler.com\\\/werkstext-biedermann-ist-der-brandstifter\\\/\",\"name\":\"Werkstext: BIEDERMANN IST DER BRANDSTIFTER - Julian Kirschler\",\"isPartOf\":{\"@id\":\"https:\\\/\\\/www.julian-kirschler.com\\\/#website\"},\"datePublished\":\"2024-06-29T00:28:48+00:00\",\"dateModified\":\"2026-02-13T22:21:32+00:00\",\"breadcrumb\":{\"@id\":\"https:\\\/\\\/www.julian-kirschler.com\\\/werkstext-biedermann-ist-der-brandstifter\\\/#breadcrumb\"},\"inLanguage\":\"it-IT\",\"potentialAction\":[{\"@type\":\"ReadAction\",\"target\":[\"https:\\\/\\\/www.julian-kirschler.com\\\/werkstext-biedermann-ist-der-brandstifter\\\/\"]}]},{\"@type\":\"BreadcrumbList\",\"@id\":\"https:\\\/\\\/www.julian-kirschler.com\\\/werkstext-biedermann-ist-der-brandstifter\\\/#breadcrumb\",\"itemListElement\":[{\"@type\":\"ListItem\",\"position\":1,\"name\":\"Home\",\"item\":\"https:\\\/\\\/www.julian-kirschler.com\\\/\"},{\"@type\":\"ListItem\",\"position\":2,\"name\":\"Werkstext: BIEDERMANN IST DER BRANDSTIFTER\"}]},{\"@type\":\"WebSite\",\"@id\":\"https:\\\/\\\/www.julian-kirschler.com\\\/#website\",\"url\":\"https:\\\/\\\/www.julian-kirschler.com\\\/\",\"name\":\"Julian Kirschler\",\"description\":\"\",\"publisher\":{\"@id\":\"https:\\\/\\\/www.julian-kirschler.com\\\/#organization\"},\"potentialAction\":[{\"@type\":\"SearchAction\",\"target\":{\"@type\":\"EntryPoint\",\"urlTemplate\":\"https:\\\/\\\/www.julian-kirschler.com\\\/?s={search_term_string}\"},\"query-input\":{\"@type\":\"PropertyValueSpecification\",\"valueRequired\":true,\"valueName\":\"search_term_string\"}}],\"inLanguage\":\"it-IT\"},{\"@type\":\"Organization\",\"@id\":\"https:\\\/\\\/www.julian-kirschler.com\\\/#organization\",\"name\":\"Julian Kirschler\",\"url\":\"https:\\\/\\\/www.julian-kirschler.com\\\/\",\"logo\":{\"@type\":\"ImageObject\",\"inLanguage\":\"it-IT\",\"@id\":\"https:\\\/\\\/www.julian-kirschler.com\\\/#\\\/schema\\\/logo\\\/image\\\/\",\"url\":\"https:\\\/\\\/www.julian-kirschler.com\\\/wp-content\\\/uploads\\\/2022\\\/02\\\/cropped-Bildschirmfoto-2022-02-09-um-21.35.57.png\",\"contentUrl\":\"https:\\\/\\\/www.julian-kirschler.com\\\/wp-content\\\/uploads\\\/2022\\\/02\\\/cropped-Bildschirmfoto-2022-02-09-um-21.35.57.png\",\"width\":776,\"height\":104,\"caption\":\"Julian Kirschler\"},\"image\":{\"@id\":\"https:\\\/\\\/www.julian-kirschler.com\\\/#\\\/schema\\\/logo\\\/image\\\/\"}}]}<\/script>\n<!-- \/ Yoast SEO plugin. -->","yoast_head_json":{"title":"Testo dell'opera: BIEDERMANN IST DER BRANDSTIFTER - Julian Kirschler","robots":{"index":"index","follow":"follow","max-snippet":"max-snippet:-1","max-image-preview":"max-image-preview:large","max-video-preview":"max-video-preview:-1"},"canonical":"https:\/\/www.julian-kirschler.com\/it\/werkstext-biedermann-ist-der-brandstifter\/","og_locale":"it_IT","og_type":"article","og_title":"Werkstext: BIEDERMANN IST DER BRANDSTIFTER - Julian Kirschler","og_description":"BIEDERMANN IST DER BRANDSTIFTER Auf einem riesigen Smartphone chatten mehrere Personen. Das anscheinend Harmlose entpuppt sich bei genauerem Hinsehen als Tod der pluralistischen Gesellschaft. Um dieses allt\u00e4gliche Ph\u00e4nomen in der Nutzung sozialer Medien zur verdeutlichen, wurden die Posts und die Musik \u00fcberzeichnet dargestellt und eigens f\u00fcr die Arbeit inszeniert.","og_url":"https:\/\/www.julian-kirschler.com\/it\/werkstext-biedermann-ist-der-brandstifter\/","og_site_name":"Julian Kirschler","article_modified_time":"2026-02-13T22:21:32+00:00","twitter_card":"summary_large_image","twitter_misc":{"Tempo di lettura stimato":"1 minuto"},"schema":{"@context":"https:\/\/schema.org","@graph":[{"@type":"WebPage","@id":"https:\/\/www.julian-kirschler.com\/werkstext-biedermann-ist-der-brandstifter\/","url":"https:\/\/www.julian-kirschler.com\/werkstext-biedermann-ist-der-brandstifter\/","name":"Testo dell'opera: BIEDERMANN IST DER BRANDSTIFTER - Julian Kirschler","isPartOf":{"@id":"https:\/\/www.julian-kirschler.com\/#website"},"datePublished":"2024-06-29T00:28:48+00:00","dateModified":"2026-02-13T22:21:32+00:00","breadcrumb":{"@id":"https:\/\/www.julian-kirschler.com\/werkstext-biedermann-ist-der-brandstifter\/#breadcrumb"},"inLanguage":"it-IT","potentialAction":[{"@type":"ReadAction","target":["https:\/\/www.julian-kirschler.com\/werkstext-biedermann-ist-der-brandstifter\/"]}]},{"@type":"BreadcrumbList","@id":"https:\/\/www.julian-kirschler.com\/werkstext-biedermann-ist-der-brandstifter\/#breadcrumb","itemListElement":[{"@type":"ListItem","position":1,"name":"Home","item":"https:\/\/www.julian-kirschler.com\/"},{"@type":"ListItem","position":2,"name":"Werkstext: BIEDERMANN IST DER BRANDSTIFTER"}]},{"@type":"WebSite","@id":"https:\/\/www.julian-kirschler.com\/#website","url":"https:\/\/www.julian-kirschler.com\/","name":"Julian Kirschler","description":"","publisher":{"@id":"https:\/\/www.julian-kirschler.com\/#organization"},"potentialAction":[{"@type":"SearchAction","target":{"@type":"EntryPoint","urlTemplate":"https:\/\/www.julian-kirschler.com\/?s={search_term_string}"},"query-input":{"@type":"PropertyValueSpecification","valueRequired":true,"valueName":"search_term_string"}}],"inLanguage":"it-IT"},{"@type":"Organization","@id":"https:\/\/www.julian-kirschler.com\/#organization","name":"Julian Kirschler","url":"https:\/\/www.julian-kirschler.com\/","logo":{"@type":"ImageObject","inLanguage":"it-IT","@id":"https:\/\/www.julian-kirschler.com\/#\/schema\/logo\/image\/","url":"https:\/\/www.julian-kirschler.com\/wp-content\/uploads\/2022\/02\/cropped-Bildschirmfoto-2022-02-09-um-21.35.57.png","contentUrl":"https:\/\/www.julian-kirschler.com\/wp-content\/uploads\/2022\/02\/cropped-Bildschirmfoto-2022-02-09-um-21.35.57.png","width":776,"height":104,"caption":"Julian Kirschler"},"image":{"@id":"https:\/\/www.julian-kirschler.com\/#\/schema\/logo\/image\/"}}]}},"_links":{"self":[{"href":"https:\/\/www.julian-kirschler.com\/it\/wp-json\/wp\/v2\/pages\/3534","targetHints":{"allow":["GET"]}}],"collection":[{"href":"https:\/\/www.julian-kirschler.com\/it\/wp-json\/wp\/v2\/pages"}],"about":[{"href":"https:\/\/www.julian-kirschler.com\/it\/wp-json\/wp\/v2\/types\/page"}],"author":[{"embeddable":true,"href":"https:\/\/www.julian-kirschler.com\/it\/wp-json\/wp\/v2\/users\/1"}],"replies":[{"embeddable":true,"href":"https:\/\/www.julian-kirschler.com\/it\/wp-json\/wp\/v2\/comments?post=3534"}],"version-history":[{"count":0,"href":"https:\/\/www.julian-kirschler.com\/it\/wp-json\/wp\/v2\/pages\/3534\/revisions"}],"wp:attachment":[{"href":"https:\/\/www.julian-kirschler.com\/it\/wp-json\/wp\/v2\/media?parent=3534"}],"curies":[{"name":"wp","href":"https:\/\/api.w.org\/{rel}","templated":true}]}}

Testo dell'opera: BIEDERMANN È IL FUOCO

<div data-elementor-type="wp-page" data-elementor-id="3534" class="elementor elementor-3534" data-elementor-post-type="page">
						<section data-particle_enable="false" data-particle-mobile-disabled="false" class="elementor-section elementor-top-section elementor-element elementor-element-1813e50 elementor-section-boxed elementor-section-height-default elementor-section-height-default" data-id="1813e50" data-element_type="section" data-e-type="section">
						<div class="elementor-container elementor-column-gap-default">
					<div class="elementor-column elementor-col-100 elementor-top-column elementor-element elementor-element-cf057fc" data-id="cf057fc" data-element_type="column" data-e-type="column">
			<div class="elementor-widget-wrap elementor-element-populated">
						<div class="elementor-element elementor-element-07e6d67 elementor-widget elementor-widget-heading" data-id="07e6d67" data-element_type="widget" data-e-type="widget" data-widget_type="heading.default">
				<div class="elementor-widget-container">
					<h2 class="elementor-heading-title elementor-size-default">BIEDERMANN È IL PIROMANE</h2>				</div>
				</div>
				<div class="elementor-element elementor-element-5f4bfbf elementor-widget elementor-widget-text-editor" data-id="5f4bfbf" data-element_type="widget" data-e-type="widget" data-widget_type="text-editor.default">
				<div class="elementor-widget-container">
									<div class="page" title="Pagina 1"><div class="layoutArea"><div class="column"><div class="page" title="Pagina 1"><div class="layoutArea"><div class="column"><p class="s5 translation-block"><span class="s4">Diverse</span><span class="s4"> persone</span><span class="s4"> stanno chattando su uno smartphone gigante</span><span class="s4">.</span><span class="s4">A un'analisi più attenta,</span><span class="s4">quello che sembra innocuo si rivela</span><span class="s4">la morte della società pluralista</span></span>.</p><p class="s5 translation-block"><span class="s4">Per illustrare questo fenomeno quotidiano nell'uso dei social media,</span><span class="s4">i post</span><span class="s4">e la musica sono stati esagerati e messi in scena appositamente</span><span class="s4">per l'opera</span><span class="s4">.</p></div></div></div></div></div></div>								</div>
				</div>
					</div>
		</div>
					</div>
		</section>
				</div>

<p>BIEDERMANN È IL FUOCO Diverse persone stanno chattando su uno smartphone gigante. A ben guardare, ciò che sembra innocuo si rivela essere la morte della società pluralistica. Per enfatizzare questo fenomeno quotidiano nell'uso dei social media, i post e la musica sono stati esagerati e messi in scena appositamente per l'opera.</p>

<!-- This site is optimized with the Yoast SEO plugin v27.5 - https://yoast.com/product/yoast-seo-wordpress/ -->
<title>Werkstext: BIEDERMANN IST DER BRANDSTIFTER - Julian Kirschler</title>
<meta name="robots" content="index, follow, max-snippet:-1, max-image-preview:large, max-video-preview:-1" />
<link rel="canonical" href="https://www.julian-kirschler.com/it/werkstext-biedermann-ist-der-brandstifter/" />
<meta property="og:locale" content="it_IT" />
<meta property="og:type" content="article" />
<meta property="og:title" content="Werkstext: BIEDERMANN IST DER BRANDSTIFTER - Julian Kirschler" />
<meta property="og:description" content="BIEDERMANN IST DER BRANDSTIFTER Auf einem riesigen Smartphone chatten mehrere Personen. Das anscheinend Harmlose entpuppt sich bei genauerem Hinsehen als Tod der pluralistischen Gesellschaft. Um dieses alltägliche Phänomen in der Nutzung sozialer Medien zur verdeutlichen, wurden die Posts und die Musik überzeichnet dargestellt und eigens für die Arbeit inszeniert." />
<meta property="og:url" content="https://www.julian-kirschler.com/it/werkstext-biedermann-ist-der-brandstifter/" />
<meta property="og:site_name" content="Julian Kirschler" />
<meta property="article:modified_time" content="2026-02-13T22:21:32+00:00" />
<meta name="twitter:card" content="summary_large_image" />
<meta name="twitter:label1" content="Tempo di lettura stimato" />
	<meta name="twitter:data1" content="1 minuto" />
<script type="application/ld+json" class="yoast-schema-graph">{"@context":"https:\/\/schema.org","@graph":[{"@type":"WebPage","@id":"https:\/\/www.julian-kirschler.com\/werkstext-biedermann-ist-der-brandstifter\/","url":"https:\/\/www.julian-kirschler.com\/werkstext-biedermann-ist-der-brandstifter\/","name":"Werkstext: BIEDERMANN IST DER BRANDSTIFTER - Julian Kirschler","isPartOf":{"@id":"https:\/\/www.julian-kirschler.com\/#website"},"datePublished":"2024-06-29T00:28:48+00:00","dateModified":"2026-02-13T22:21:32+00:00","breadcrumb":{"@id":"https:\/\/www.julian-kirschler.com\/werkstext-biedermann-ist-der-brandstifter\/#breadcrumb"},"inLanguage":"it-IT","potentialAction":[{"@type":"ReadAction","target":["https:\/\/www.julian-kirschler.com\/werkstext-biedermann-ist-der-brandstifter\/"]}]},{"@type":"BreadcrumbList","@id":"https:\/\/www.julian-kirschler.com\/werkstext-biedermann-ist-der-brandstifter\/#breadcrumb","itemListElement":[{"@type":"ListItem","position":1,"name":"Home","item":"https:\/\/www.julian-kirschler.com\/"},{"@type":"ListItem","position":2,"name":"Werkstext: BIEDERMANN IST DER BRANDSTIFTER"}]},{"@type":"WebSite","@id":"https:\/\/www.julian-kirschler.com\/#website","url":"https:\/\/www.julian-kirschler.com\/","name":"Julian Kirschler","description":"","publisher":{"@id":"https:\/\/www.julian-kirschler.com\/#organization"},"potentialAction":[{"@type":"SearchAction","target":{"@type":"EntryPoint","urlTemplate":"https:\/\/www.julian-kirschler.com\/?s={search_term_string}"},"query-input":{"@type":"PropertyValueSpecification","valueRequired":true,"valueName":"search_term_string"}}],"inLanguage":"it-IT"},{"@type":"Organization","@id":"https:\/\/www.julian-kirschler.com\/#organization","name":"Julian Kirschler","url":"https:\/\/www.julian-kirschler.com\/","logo":{"@type":"ImageObject","inLanguage":"it-IT","@id":"https:\/\/www.julian-kirschler.com\/#\/schema\/logo\/image\/","url":"https:\/\/www.julian-kirschler.com\/wp-content\/uploads\/2022\/02\/cropped-Bildschirmfoto-2022-02-09-um-21.35.57.png","contentUrl":"https:\/\/www.julian-kirschler.com\/wp-content\/uploads\/2022\/02\/cropped-Bildschirmfoto-2022-02-09-um-21.35.57.png","width":776,"height":104,"caption":"Julian Kirschler"},"image":{"@id":"https:\/\/www.julian-kirschler.com\/#\/schema\/logo\/image\/"}}]}</script>
<!-- / Yoast SEO plugin. -->

BIEDERMANN IST DER BRANDSTIFTER Auf einem riesigen Smartphone chatten mehrere Personen. Das anscheinend Harmlose entpuppt sich bei genauerem Hinsehen als Tod der pluralistischen Gesellschaft. Um dieses alltägliche Phänomen in der Nutzung sozialer Medien zur verdeutlichen, wurden die Posts und die Musik überzeichnet dargestellt und eigens für die Arbeit inszeniert.
